he prime factors of r(5)?
2, 23, 59
List the prime factors of (-3 - (-193)/(-2))*(2 - 8).
3, 199
Let f be (126/5)/(8/80). Let n = f - 134. Suppose 5*r + v + 51 = 204, n = 4*r + 3*v. List the prime factors of r.
31
Let q(f) = 6*f - 4. Let a(i) = -2*i + 1. Let j(n) = n**3 - 4*n**2 + n + 2. Let u be j(3). Let z be a(u). What are the prime factors of q(z)?
2, 5
Let d(o) = 2*o**2 - 4*o + 1. Let b be d(3). Suppose -b*v + 2*v - 75 = 4*l, 3*l - v + 61 = 0. What are the prime factors of 0 + (0 - -1) - l?
3, 7
Let g be 8/14 - (-28)/(-49). Suppose g = p + 4*p - 5*l - 365, -5*p + 2*l = -374. List the prime factors of p.
2, 19
Let z = 1187 - -339. List the prime factors of z.
2, 7, 109
Suppose -5*p + h + 3092 = -4664, -2*p = 3*h - 3099. List the prime factors of p.
3, 11, 47
Suppose -81*x = -80*x - 138. What are the prime factors of x?
2, 3, 23
Let n = -944 + 1241. What are the prime factors of n?
3, 11
Suppose 5*c = -4*p + 65, -3*c = 5*p - 5*c - 40. List the prime factors of p.
2, 5
Suppose 2*j + 15*s = 16*s + 399, -4*s - 1005 = -5*j. List the prime factors of j.
197
Let a be 0 - (-1 + -19) - (-5 + 2). Suppose 356 = 4*h - 4*j, -h = -5*h - 3*j + 356. Let d = h - a. What are the prime factors of d?
2, 3, 11
Let u = -24 - -24. Suppose 3*h + 3*f = 25 + 11, 4*f - 8 = u. List the prime factors of h.
2, 5
Suppose 6*z - 139 = 209. List the prime factors of z.
2, 29
Suppose 1815 = 3*l - 90. List the prime factors of l.
5, 127
Let l(h) be the third derivative of 29*h**5/30 - h**4/24 + h**3/6 - 5*h**2. List the prime factors of l(-1).
2, 3, 5
Let t(l) = -6*l**2 - 12*l + 21. Let g(u) = -13*u**2 - 24*u + 42. Let n(d) = 4*g(d) - 9*t(d). What are the prime factors of n(8)?
7, 29
List the prime factors of ((-110)/10 - -8) + 3750/2.
2, 3, 13
Let f = -32 - -35. Suppose -f*m + 3 + 0 = 0. Suppose -3*o + 0*o + m = -k, -5*o = 4*k - 81. List the prime factors of k.
2, 7
Suppose 40 = z - 19. Let y = 114 - z. What are the prime factors of y?
5, 11
Suppose 5*z + 4*m - 1476 = -0*m, z = -5*m + 312. List the prime factors of z.
2, 73
Let k = 7 - 3. Suppose 0*b + k*b - 24 = 0. Suppose b = 2*o - 26. What are the prime factors of o?
2
Suppose -4*u - 5*d - 2 = 7, -4*u = -4*d - 36. Let z be -2 - (-5 + u/(-2)). Suppose h + 11 = z*y, -18 = -y - y - 3*h. What are the prime factors of y?
3
Suppose 10*i = 3903 - 43. What are the prime factors of i?
2, 193
Suppose -6 = -4*m + 2. Suppose m*r - 3*c + 89 = 0, 4*c - 128 = 3*r + 8. Let y = 88 + r. What are the prime factors of y?
2, 3
Let x be (-6)/4*(1 + 347)/(-2). Suppose 6*k - 411 - x = 0. What are the prime factors of k?
2, 7
What are the prime factors of 238 + 11/((-99)/(-27))?
241
Suppose 5*z = -20, 0 = -5*j + j - 4*z + 296. Let u = j + -38. List the prime factors of u.
2, 5
Suppose d - 1225 = 3*c, d - 5*c - 1227 = -c. What are the prime factors of d?
23, 53
Suppose -2*m - 3*p - 636 = -3*m, -4*p - 3136 = -5*m. Suppose 4*w + 918 - 134 = 5*g, 0 = -4*g + 4*w + m. What are the prime factors of g?
2, 5
Let y(m) = 4*m**2 - 74*m + 47. What are the prime factors of y(21)?
257
Let r be 267/(-6) + (-5)/(-10). Let x = 72 + r. List the prime factors of x.
2, 7
Let c(n) be the third derivative of -n**6/120 + n**5/5 - n**4/24 + 2*n**3 + 7*n**2. Let d be c(12). Let w(x) = -x**3 - x + 38. List the prime factors of w(d).
2, 19
Let p = 2048 - 1215. What are the prime factors of p?
7, 17
Let p(c) = -2*c**2 + 19*c - 6. Let o be p(8). Let r be (-20)/(-6)*(-6)/(-5). What are the prime factors of ((5 - r) + o)*1?
19
Let b(x) = 3*x**2 + 4*x - 31. List the prime factors of b(6).
101
Let b(g) = 305*g**3 + g**2 - 4*g + g + 1215*g**3 + 4*g. Let w be b(-1). What are the prime factors of (-4)/18 - w/36?
2, 3, 7
Let l be 58/(-14) - (-1)/7. Let z be 411/12 - (-1)/l. Let b = z + -14. What are the prime factors of b?
2, 5
Let y be (-50)/7*(3 - 10). List the prime factors of (y/35)/((-2)/(-28)).
2, 5
Suppose 0 = -n - f + 4, 7*n + 4*f = 2*n + 24. List the prime factors of n.
2
Let k(m) = m**3 + 10*m**2 - 7*m + 6. Let h be k(-10). Suppose 4*g + 36 = 4*a, 3*a = -a - 4*g + h. List the prime factors of a.
2, 7
Let o be ((-5)/(-3) - 2)/((-10)/660). Let f(s) = -s**2 + 23*s + 21. What are the prime factors of f(o)?
43
Let v = 2 + 7. Suppose -v*o + 10*o - 82 = 0. List the prime factors of o.
2, 41
Suppose 4*n = 8, 4*t - 12*n = -15*n + 170. List the prime factors of t.
41
Let d(c) = c**2 - c + 9. Let t be d(4). What are the prime factors of 36 + 18/t*21/6?
3, 13
What are the prime factors of (7 - 1)*12042/81?
2, 223
What are the prime factors of 648 - (-3)/(-12)*12?
3, 5, 43
Suppose 0 = -4*s - 9 + 29. Let y = 5 - s. Suppose -3*b - 1 + 10 = y. List the prime factors of b.
3
Let d = 13 + -11. Suppose 0 = t - 14 + 17. What are the prime factors of (-81)/(-2) + t/d?
3, 13
Let k = -2196 - -3083. What are the prime factors of k?
887
Suppose -3*b + 837 = 3*f, -2*b - 3*b + 1395 = f. List the prime factors of b.
3, 31
Suppose 0 = t - 5*o - 948, 0 = -t - o + 687 + 267. What are the prime factors of t?
953
Suppose 4*u - 2*f - 22 = 0, 0 = 3*u - u - 4*f - 26. Suppose -2*c + 0*l + 5*l + 49 = 0, 3*l = u*c - 51. Let b = 5 + c. List the prime factors of b.
17
Suppose 2*b + 4 = b - 3*c, -1 = b + 4*c. Let j(l) = -5*l + 21. What are the prime factors of j(b)?
2, 43
Let o(n) = 13*n**3 + 9*n**2 - 16*n + 6. Let m(r) = -7*r**3 - 5*r**2 + 8*r - 3. Let v(l) = 11*m(l) + 6*o(l). What are the prime factors of v(5)?
3, 7
List the prime factors of (50 + -110)/((-2)/94).
2, 3, 5, 47
Suppose 0 = 226*z - 217*z - 21348. List the prime factors of z.
2, 593
Let h be (-511)/(-3) + 5/(-15). Suppose d + d = h. List the prime factors of d.
5, 17
Let p be (-18)/(-63) - (-100)/(-7). Let v be (-17)/(-5) + p/35. Suppose s = v*i - 3*s - 39, -6 = 2*s. What are the prime factors of i?
3
Let s be 3*-1*18/27. Let l be 0/s + (2 - -7). Suppose -5 = r + 2*y, -4*y + 23 = r - l*y. List the prime factors of r.
3
Let x = 7 + -21. Let c = x - -17. Suppose 7*r - 64 = 3*r + s, s = c*r - 48. List the prime factors of r.
2
Let j = 1386 - -81. What are the prime factors of j?
3, 163
Suppose -2*l + 219 = -3*t, -l - 567 = -6*l + t. List the prime factors of l.
2, 3, 19
Let k be (-2 + -4)/((-3)/10). Let t = k + -11. What are the prime factors of t - 1/(4 - 3)?
2
What are the prime factors of ((-1550)/(-4))/((-79)/10 - -8)?
5, 31
Suppose 105*m - 33*m = 317880. What are the prime factors of m?
5, 883
Let f(u) = -u - 4. Let w(r) = -3*r - 22. Let n be w(0). What are the prime factors of f(n)?
2, 3
Let a(j) = 703*j + 517. What are the prime factors of a(3)?
2, 13, 101
Suppose -3*f = 2*f - 20. Suppose 0 = -3*q + 2*k + 578, -3*q - 568 = -6*q + f*k. What are the prime factors of q?
2, 7
Suppose 2*l - 11 = -3, -2*z = l - 1394. List the prime factors of z.
5, 139
Suppose 0*m + 3*m = 186. Suppose 2*u - 44 = m. List the prime factors of u.
53
List the prime factors of ((-153)/27 - -4)/(2/(-2052)).
2, 3, 5, 19
Let c be -4 - (-5)/(25/30). Suppose h - 5*z = c*h - 26, 4*z + 59 = 3*h. List the prime factors of h.
3, 7
Suppose -68*f + 71*f = 135. Suppose -c = -q - 28, -4*c = q - f - 57. List the prime factors of c.
2, 13
Let n(u) = 4*u**3 + 8*u**2 + 2*u + 6. Let q(f) = f**3 + f**2 - f + 1. Let y(j) = -n(j) + 5*q(j). What are the prime factors of y(7)?
2, 73
Suppose 4*j - 2355 = f + 568, 0 = -f + 5. List the prime factors of j.
2, 3, 61
Let v(k) = -499*k + 21. List the prime factors of v(-7).
2, 7, 251
Suppose 0 = 5*c + 54 + 96. Let x = -17 - c. What are the prime factors of x?
13
Let l(h) = -10*h - 64 + 38 + 27. Suppose -4 - 16 = 5*g + 3*y, 3*g = -y - 8. List the prime factors of l(g).
11
Let u(h) = 4*h**2 + 3*h - 10. Let v be u(2). Suppose -d + 280 = d + 4*t, 3*t = v. List the prime factors of d.
2, 3, 11
Suppose -a - 4*a = -840. Suppose m + a = 9*m. What are the prime factors of m?
3, 7
What are the prime factors of ((-972)/(-10))/(68/510)?
3
Let i(x) = x**3 + 6*x**2 + 3. Let q be i(-6). Suppose -o = 2*j - 0*o + 1, 0 = -j + q*o + 3. Suppose -12*b + 14*b - 108 = j. List the prime factors of b.
2, 3
Let w = -14 - -3. What are the prime factors of (w/(-1))/(-3*1/(-27))?
3, 11
Let y = 323 + 316. What are the prime factors of y?
3, 71
Let b(d) = 2*d - 3. Let n be b(2). Suppose 14 = 3*u - 4*z, -15 + 10 = z. What are the prime factors of (-78)/4*n*u?
3, 13
Suppose 3*q +